[INFO] cloning repository https://github.com/Raze-Net/zero-chain
[INFO] running `Command { std: "git" "-c" "credential.helper=" "-c" "credential.helper=/workspace/cargo-home/bin/git-credential-null" "clone" "--bare" "https://github.com/Raze-Net/zero-chain" "/workspace/cache/git-repos/https%3A%2F%2Fgithub.com%2FRaze-Net%2Fzero-chain", kill_on_drop: false }`
[INFO] [stderr] Cloning into bare repository '/workspace/cache/git-repos/https%3A%2F%2Fgithub.com%2FRaze-Net%2Fzero-chain'...
[INFO] running `Command { std: "git" "rev-parse" "HEAD", kill_on_drop: false }`
[INFO] [stdout] 7763d6e3a251f2e5087fcc22c13e18bbd4de87a2
[INFO] checking Raze-Net/zero-chain against master#9610dfe5a9a731ced1ea4923ecbd0c57fe367898 for beta-170-4
[INFO] running `Command { std: "git" "clone" "/workspace/cache/git-repos/https%3A%2F%2Fgithub.com%2FRaze-Net%2Fzero-chain" "/workspace/builds/worker-4-tc1/source", kill_on_drop: false }`
[INFO] [stderr] Cloning into '/workspace/builds/worker-4-tc1/source'...
[INFO] [stderr] done.
[INFO] validating manifest of git repo https://github.com/Raze-Net/zero-chain on toolchain 9610dfe5a9a731ced1ea4923ecbd0c57fe367898
[INFO] running `Command { std: CARGO_HOME="/workspace/cargo-home" RUSTUP_HOME="/workspace/rustup-home" "/workspace/cargo-home/bin/cargo" "+9610dfe5a9a731ced1ea4923ecbd0c57fe367898" "metadata" "--manifest-path" "Cargo.toml" "--no-deps", kill_on_drop: false }`
[INFO] started tweaking git repo https://github.com/Raze-Net/zero-chain
[INFO] finished tweaking git repo https://github.com/Raze-Net/zero-chain
[INFO] tweaked toml for git repo https://github.com/Raze-Net/zero-chain written to /workspace/builds/worker-4-tc1/source/Cargo.toml
[INFO] crate git repo https://github.com/Raze-Net/zero-chain already has a lockfile, it will not be regenerated
[INFO] running `Command { std: CARGO_HOME="/workspace/cargo-home" RUSTUP_HOME="/workspace/rustup-home" "/workspace/cargo-home/bin/cargo" "+9610dfe5a9a731ced1ea4923ecbd0c57fe367898" "fetch" "--manifest-path" "Cargo.toml", kill_on_drop: false }`
[INFO] [stderr]     Updating git repository `https://github.com/LayerXcom/librustzcash`
[INFO] [stderr]     Updating git repository `https://github.com/gtank/blake2-rfc`
[INFO] [stderr]     Updating crates.io index
[INFO] [stderr]     Updating git repository `https://github.com/LayerXcom/polkadot.rs`
[INFO] [stderr]     Updating git repository `https://github.com/osuketh/substrate.git`
[INFO] [stderr]     Updating git repository `https://github.com/paritytech/substrate-bip39`
[INFO] [stderr]     Updating git repository `https://github.com/paritytech/jsonrpc`
[INFO] [stderr]     Updating git repository `https://github.com/paritytech/parity-common`
[INFO] [stderr]  Downloading crates ...
[INFO] [stderr]   Downloaded wasmi v0.4.5
[INFO] [stderr]   Downloaded fixed-hash v0.3.2
[INFO] [stderr]   Downloaded impl-serde v0.1.1
[INFO] [stderr]   Downloaded static_assertions v0.2.5
[INFO] [stderr]   Downloaded hex-literal v0.1.4
[INFO] [stderr]   Downloaded proc-macro-hack v0.4.2
[INFO] [stderr]   Downloaded hex-literal-impl v0.1.2
[INFO] [stderr]   Downloaded trie-root v0.12.4
[INFO] [stderr]   Downloaded proc-macro-hack-impl v0.4.2
[INFO] [stderr]   Downloaded safe-mix v1.0.0
[INFO] [stderr]   Downloaded bitmask v0.5.0
[INFO] [stderr]   Downloaded libp2p-tcp v0.8.0
[INFO] [stderr]   Downloaded memzero v0.1.0
[INFO] [stderr]   Downloaded libp2p-core-derive v0.8.0
[INFO] [stderr]   Downloaded ws v0.7.9
[INFO] [stderr]   Downloaded vergen v3.0.4
[INFO] [stderr]   Downloaded linked_hash_set v0.1.3
[INFO] [stderr]   Downloaded jsonrpc-http-server v10.1.0
[INFO] [stderr]   Downloaded scrypt v0.1.2
[INFO] [stderr]   Downloaded parity-crypto v0.3.1
[INFO] [stderr]   Downloaded wasm-bindgen-shared v0.2.51
[INFO] [stderr]   Downloaded wasm-bindgen-backend v0.2.51
[INFO] [stderr]   Downloaded strum_macros v0.14.0
[INFO] [stderr]   Downloaded wasm-bindgen v0.2.51
[INFO] [stderr]   Downloaded slog v2.5.2
[INFO] [stderr]   Downloaded wasm-bindgen-macro-support v0.2.51
[INFO] [stderr]   Downloaded wasm-bindgen-macro v0.2.51
[INFO] [stderr]   Downloaded arc-swap v0.3.11
[INFO] [stderr]   Downloaded js-sys v0.3.28
[INFO] [stderr]   Downloaded parity-multiaddr v0.4.1
[INFO] [stderr]   Downloaded libp2p-yamux v0.8.0
[INFO] [stderr]   Downloaded yamux v0.2.1
[INFO] [stderr]   Downloaded zeroize v0.5.2
[INFO] [stderr]   Downloaded rw-stream-sink v0.1.2
[INFO] [stderr]   Downloaded nohash-hasher v0.1.2
[INFO] [stderr]   Downloaded unsigned-varint v0.2.2
[INFO] [stderr]   Downloaded parity-multihash v0.1.3
[INFO] [stderr]   Downloaded protobuf v2.8.1
[INFO] [stderr]   Downloaded exit-future v0.1.4
[INFO] [stderr]   Downloaded fs-swap v0.2.4
[INFO] [stderr]   Downloaded interleaved-ordered v0.1.1
[INFO] [stderr]   Downloaded fdlimit v0.1.1
[INFO] [stderr]   Downloaded libp2p-plaintext v0.8.0
[INFO] [stderr]   Downloaded get_if_addrs v0.5.3
[INFO] [stderr]   Downloaded libp2p-websocket v0.8.0
[INFO] [stderr]   Downloaded ctrlc v3.1.3
[INFO] [stderr]   Downloaded jsonrpc-ws-server v10.1.0
[INFO] [stderr]   Downloaded libp2p-kad v0.8.0
[INFO] [stderr]   Downloaded zeroize_derive v0.1.0
[INFO] [stderr]   Downloaded jsonrpc-pubsub v10.1.0
[INFO] [stderr]   Downloaded zeroize v0.6.0
[INFO] [stderr]   Downloaded jsonrpc-derive v10.1.0
[INFO] [stderr]   Downloaded parity-crypto v0.4.0
[INFO] [stderr]   Downloaded jsonrpc-server-utils v10.1.0
[INFO] [stderr]   Downloaded parity-ws v0.8.0
[INFO] [stderr]   Downloaded rocksdb v0.11.0
[INFO] [stderr]   Downloaded tokio-dns-unofficial v0.4.0
[INFO] [stderr]   Downloaded sysinfo v0.8.6
[INFO] [stderr]   Downloaded asn1_der_derive v0.1.1
[INFO] [stderr]   Downloaded websocket v0.22.4
[INFO] [stderr]   Downloaded static_slice v0.0.3
[INFO] [stderr]   Downloaded crossbeam v0.7.2
[INFO] [stderr]   Downloaded twofish v0.2.0
[INFO] [stderr]   Downloaded get_if_addrs-sys v0.1.1
[INFO] [stderr]   Downloaded tk-listen v0.2.1
[INFO] [stderr]   Downloaded libp2p-uds v0.8.0
[INFO] [stderr]   Downloaded safemem v0.3.2
[INFO] [stderr]   Downloaded ed25519-dalek v1.0.0-pre.1
[INFO] [stderr]   Downloaded merlin v1.2.1
[INFO] [stderr]   Downloaded subtle v2.2.1
[INFO] [stderr]   Downloaded substrate-bip39 v0.2.2
[INFO] [stderr]   Downloaded wasmi-validation v0.1.0
[INFO] [stderr]   Downloaded stdweb-derive v0.5.2
[INFO] [stderr]   Downloaded stdweb-internal-macros v0.2.8
[INFO] [stderr]   Downloaded blake2 v0.7.1
[INFO] [stderr]   Downloaded parity-util-mem v0.1.0
[INFO] [stderr]   Downloaded hash256-std-hasher v0.12.4
[INFO] [stderr]   Downloaded memory-db v0.12.4
[INFO] [stderr]   Downloaded elastic-array v0.10.2
[INFO] [stderr]   Downloaded hashmap_core v0.1.11
[INFO] [stderr]   Downloaded parity-codec-derive v3.3.0
[INFO] [stderr]   Downloaded parity-codec v3.5.4
[INFO] [stderr]   Downloaded impl-serde v0.2.1
[INFO] [stderr]   Downloaded heapsize v0.4.2
[INFO] [stderr]   Downloaded uint v0.7.1
[INFO] [stderr]   Downloaded primitive-types v0.2.4
[INFO] [stderr]   Downloaded rustc-hex v2.0.1
[INFO] [stderr]   Downloaded stdweb v0.4.19
[INFO] [stderr]   Downloaded ref_thread_local v0.0.0
[INFO] [stderr]   Downloaded impl-codec v0.2.0
[INFO] [stderr]   Downloaded schnorrkel v0.1.1
[INFO] [stderr]   Downloaded malloc_size_of_derive v0.1.0
[INFO] [stderr]   Downloaded trie-db v0.12.4
[INFO] [stderr]   Downloaded cuckoofilter v0.3.2
[INFO] [stderr]   Downloaded base-x v0.2.5
[INFO] [stderr]   Downloaded slog-scope v4.1.2
[INFO] [stderr]   Downloaded slog-async v2.3.0
[INFO] [stderr]   Downloaded libp2p v0.8.1
[INFO] [stderr]   Downloaded strum v0.14.0
[INFO] [stderr]   Downloaded integer-sqrt v0.1.2
[INFO] [stderr]   Downloaded hmac-drbg v0.1.2
[INFO] [stderr]   Downloaded parity-wasm v0.31.3
[INFO] [stderr]   Downloaded web-sys v0.3.28
[INFO] [stderr]   Downloaded serde_bytes v0.11.2
[INFO] [stderr]   Downloaded schnorrkel v0.8.5
[INFO] [stderr]   Downloaded crunchy v0.1.6
[INFO] [stderr]   Downloaded libp2p-secio v0.8.1
[INFO] [stderr]   Downloaded x25519-dalek v0.5.2
[INFO] [stderr]   Downloaded libp2p-dns v0.8.0
[INFO] [stderr]   Downloaded libp2p-identify v0.8.0
[INFO] [stderr]   Downloaded bigint v4.4.1
[INFO] [stderr]   Downloaded libp2p-mdns v0.8.0
[INFO] [stderr]   Downloaded libp2p-noise v0.6.0
[INFO] [stderr]   Downloaded libp2p-ping v0.8.0
[INFO] [stderr]   Downloaded libp2p-ratelimit v0.8.0
[INFO] [stderr]   Downloaded libp2p-wasm-ext v0.1.1
[INFO] [stderr]   Downloaded bs58 v0.2.5
[INFO] [stderr]   Downloaded wasm-bindgen-webidl v0.2.51
[INFO] [stderr]   Downloaded environmental v1.0.2
[INFO] [stderr]   Downloaded libp2p-mplex v0.8.0
[INFO] [stderr]   Downloaded jsonrpc-core v10.1.0
[INFO] [stderr]   Downloaded target_info v0.1.0
[INFO] [stderr]   Downloaded wasm-timer v0.1.2
[INFO] [stderr]   Downloaded multistream-select v0.4.0
[INFO] [stderr]   Downloaded libp2p-floodsub v0.8.0
[INFO] [stderr]   Downloaded libp2p-core v0.8.1
[INFO] [stderr]   Downloaded aio-limited v0.1.1
[INFO] [stderr]   Downloaded quick-error v0.1.4
[INFO] [stderr]   Downloaded hash-db v0.12.4
[INFO] [stderr]   Downloaded curve25519-dalek v1.2.3
[INFO] [stderr]   Downloaded snow v0.5.2
[INFO] [stderr]   Downloaded asn1_der v0.6.2
[INFO] [stderr]   Downloaded libsecp256k1 v0.2.2
[INFO] [stderr]   Downloaded librocksdb-sys v5.18.3
[INFO] running `Command { std: "docker" "create" "-v" "/var/lib/crater-agent-workspace/builds/worker-4-tc1/target:/opt/rustwide/target:rw,Z" "-v" "/var/lib/crater-agent-workspace/builds/worker-4-tc1/source:/opt/rustwide/workdir:ro,Z" "-v" "/var/lib/crater-agent-workspace/cargo-home:/opt/rustwide/cargo-home:ro,Z" "-v" "/var/lib/crater-agent-workspace/rustup-home:/opt/rustwide/rustup-home:ro,Z" "-e" "SOURCE_DIR=/opt/rustwide/workdir" "-e" "CARGO_TARGET_DIR=/opt/rustwide/target" "-e" "CARGO_HOME=/opt/rustwide/cargo-home" "-e" "RUSTUP_HOME=/opt/rustwide/rustup-home" "-w" "/opt/rustwide/workdir" "-m" "1610612736" "--user" "0:0" "--network" "none" "ghcr.io/rust-lang/crates-build-env/linux@sha256:5ff2268d62e97bff2cde7d5815dd6ed5b47097566f13b8d0ca110b04b60e07ed" "/opt/rustwide/cargo-home/bin/cargo" "+9610dfe5a9a731ced1ea4923ecbd0c57fe367898" "metadata" "--no-deps" "--format-version=1", kill_on_drop: false }`
[INFO] [stdout] 9243b61b0d94bc11d241921845e9271949b5a9bcf4adca7c6ddf62148ea594dc
[INFO] running `Command { std: "docker" "start" "-a" "9243b61b0d94bc11d241921845e9271949b5a9bcf4adca7c6ddf62148ea594dc", kill_on_drop: false }`
[INFO] running `Command { std: "docker" "inspect" "9243b61b0d94bc11d241921845e9271949b5a9bcf4adca7c6ddf62148ea594dc", kill_on_drop: false }`
[INFO] running `Command { std: "docker" "rm" "-f" "9243b61b0d94bc11d241921845e9271949b5a9bcf4adca7c6ddf62148ea594dc", kill_on_drop: false }`
[INFO] [stdout] 9243b61b0d94bc11d241921845e9271949b5a9bcf4adca7c6ddf62148ea594dc
[INFO] running `Command { std: "docker" "create" "-v" "/var/lib/crater-agent-workspace/builds/worker-4-tc1/target:/opt/rustwide/target:rw,Z" "-v" "/var/lib/crater-agent-workspace/builds/worker-4-tc1/source:/opt/rustwide/workdir:ro,Z" "-v" "/var/lib/crater-agent-workspace/cargo-home:/opt/rustwide/cargo-home:ro,Z" "-v" "/var/lib/crater-agent-workspace/rustup-home:/opt/rustwide/rustup-home:ro,Z" "-e" "SOURCE_DIR=/opt/rustwide/workdir" "-e" "CARGO_TARGET_DIR=/opt/rustwide/target" "-e" "CARGO_INCREMENTAL=0" "-e" "RUST_BACKTRACE=full" "-e" "RUSTFLAGS=--cap-lints=forbid" "-e" "RUSTDOCFLAGS=--cap-lints=forbid" "-e" "CARGO_HOME=/opt/rustwide/cargo-home" "-e" "RUSTUP_HOME=/opt/rustwide/rustup-home" "-w" "/opt/rustwide/workdir" "-m" "1610612736" "--user" "0:0" "--network" "none" "ghcr.io/rust-lang/crates-build-env/linux@sha256:5ff2268d62e97bff2cde7d5815dd6ed5b47097566f13b8d0ca110b04b60e07ed" "/opt/rustwide/cargo-home/bin/cargo" "+9610dfe5a9a731ced1ea4923ecbd0c57fe367898" "check" "--frozen" "--all" "--all-targets" "--message-format=json", kill_on_drop: false }`
[INFO] [stdout] dc7d0b9b1630ea57fa4fe47cbd5f563759cdbed46f084fb01a076445641b869b
[INFO] running `Command { std: "docker" "start" "-a" "dc7d0b9b1630ea57fa4fe47cbd5f563759cdbed46f084fb01a076445641b869b", kill_on_drop: false }`
[INFO] [stderr]    Compiling libc v0.2.62
[INFO] [stderr]    Compiling log v0.4.8
[INFO] [stderr]    Compiling byteorder v1.3.2
[INFO] [stderr]    Compiling semver-parser v0.7.0
[INFO] [stderr]    Compiling typenum v1.11.2
[INFO] [stderr]    Compiling autocfg v0.1.6
[INFO] [stderr]    Compiling proc-macro2 v0.4.30
[INFO] [stderr]    Compiling syn v0.15.44
[INFO] [stderr]    Compiling proc-macro2 v1.0.4
[INFO] [stderr]     Checking rand_core v0.4.2
[INFO] [stderr]    Compiling syn v1.0.5
[INFO] [stderr]     Checking smallvec v0.6.10
[INFO] [stderr]     Checking nodrop v0.1.13
[INFO] [stderr]    Compiling serde v1.0.101
[INFO] [stderr]    Compiling failure_derive v0.1.5
[INFO] [stderr]     Checking opaque-debug v0.2.3
[INFO] [stderr]     Checking byte-tools v0.3.1
[INFO] [stderr]     Checking constant_time_eq v0.1.4
[INFO] [stderr]    Compiling arrayvec v0.4.11
[INFO] [stderr]     Checking block-padding v0.1.4
[INFO] [stderr]     Checking rand_core v0.3.1
[INFO] [stderr]    Compiling semver v0.9.0
[INFO] [stderr]     Checking rand_isaac v0.1.1
[INFO] [stderr]     Checking rand_xorshift v0.1.1
[INFO] [stderr]     Checking rand_hc v0.1.0
[INFO] [stderr]     Checking rand_jitter v0.1.4
[INFO] [stderr]     Checking fake-simd v0.1.2
[INFO] [stderr]    Compiling rand_pcg v0.1.2
[INFO] [stderr]    Compiling rustc_version v0.2.3
[INFO] [stderr]    Compiling rand_chacha v0.1.1
[INFO] [stderr]    Compiling rand v0.6.5
[INFO] [stderr]     Checking rustc-demangle v0.1.16
[INFO] [stderr]     Checking scopeguard v0.3.3
[INFO] [stderr]     Checking stable_deref_trait v1.1.1
[INFO] [stderr]     Checking owning_ref v0.4.0
[INFO] [stderr]     Checking subtle v1.0.0
[INFO] [stderr]     Checking subtle v2.2.1
[INFO] [stderr]     Checking lock_api v0.1.5
[INFO] [stderr]    Compiling parking_lot_core v0.4.0
[INFO] [stderr]     Checking keccak v0.1.0
[INFO] [stderr]     Checking byte-tools v0.2.0
[INFO] [stderr]    Compiling quote v0.6.13
[INFO] [stderr]    Compiling quote v1.0.2
[INFO] [stderr]     Checking untrusted v0.6.2
[INFO] [stderr]     Checking rand_os v0.1.3
[INFO] [stderr]     Checking rand v0.4.6
[INFO] [stderr]     Checking rand v0.5.6
[INFO] [stderr]     Checking arrayref v0.3.5
[INFO] [stderr]     Checking safemem v0.3.2
[INFO] [stderr]     Checking thread_local v0.3.6
[INFO] [stderr]     Checking aho-corasick v0.7.6
[INFO] [stderr]     Checking base64 v0.9.3
[INFO] [stderr]    Compiling num_cpus v1.10.1
[INFO] [stderr]    Compiling jobserver v0.1.17
[INFO] [stderr]     Checking regex-syntax v0.6.12
[INFO] [stderr]     Checking futures v0.1.29
[INFO] [stderr]    Compiling heapsize v0.4.2
[INFO] [stderr]    Compiling getrandom v0.1.12
[INFO] [stderr]    Compiling crunchy v0.2.2
[INFO] [stderr]    Compiling proc-macro-hack-impl v0.4.2
[INFO] [stderr]    Compiling cc v1.0.45
[INFO] [stderr]     Checking generic-array v0.12.3
[INFO] [stderr]     Checking generic-array v0.8.3
[INFO] [stderr]     Checking digest v0.8.1
[INFO] [stderr]     Checking block-buffer v0.7.3
[INFO] [stderr]     Checking crypto-mac v0.7.0
[INFO] [stderr]     Checking digest v0.6.2
[INFO] [stderr]     Checking crypto-mac v0.4.0
[INFO] [stderr]     Checking block-buffer v0.2.0
[INFO] [stderr]     Checking hmac v0.7.1
[INFO] [stderr]     Checking sha2 v0.8.0
[INFO] [stderr]     Checking sha3 v0.8.2
[INFO] [stderr]     Checking hmac v0.4.2
[INFO] [stderr]     Checking sha2 v0.6.0
[INFO] [stderr]     Checking hmac-drbg v0.1.2
[INFO] [stderr]     Checking ppv-lite86 v0.2.5
[INFO] [stderr]     Checking rustc-hex v2.0.1
[INFO] [stderr]     Checking hash-db v0.12.4
[INFO] [stderr]    Compiling proc-macro-hack v0.4.2
[INFO] [stderr]     Checking iovec v0.1.2
[INFO] [stderr]     Checking pbkdf2 v0.3.0
[INFO] [stderr]     Checking libsecp256k1 v0.2.2
[INFO] [stderr]    Compiling sr-std v1.0.0 (https://github.com/osuketh/substrate.git?branch=patch-zerochain#12f25052)
[INFO] [stderr]     Checking rand_core v0.5.1
[INFO] [stderr]     Checking parity-wasm v0.31.3
[INFO] [stderr]     Checking static_assertions v0.2.5
[INFO] [stderr]     Checking uint v0.7.1
[INFO] [stderr]    Compiling hex-literal-impl v0.1.2
[INFO] [stderr]     Checking hashbrown v0.1.8
[INFO] [stderr]     Checking fixed-hash v0.3.2
[INFO] [stderr]     Checking parking_lot v0.7.1
[INFO] [stderr]     Checking either v1.5.3
[INFO] [stderr]     Checking memory_units v0.3.0
[INFO] [stderr]     Checking hash256-std-hasher v0.12.4
[INFO] [stderr]     Checking blake2-rfc v0.2.18
[INFO] [stderr]    Compiling num-traits v0.2.8
[INFO] [stderr]     Checking once_cell v0.1.8
[INFO] [stderr]     Checking base58 v0.1.0
[INFO] [stderr]     Checking hex v0.3.2
[INFO] [stderr]     Checking c2-chacha v0.2.2
[INFO] [stderr]     Checking bytes v0.4.12
[INFO] [stderr]     Checking crossbeam-utils v0.6.6
[INFO] [stderr]     Checking elastic-array v0.10.2
[INFO] [stderr]     Checking hashmap_core v0.1.11
[INFO] [stderr]     Checking tiny-keccak v1.5.0
[INFO] [stderr]     Checking trie-root v0.12.4
[INFO] [stderr]    Compiling backtrace-sys v0.1.31
[INFO] [stderr]    Compiling clear_on_drop v0.2.3
[INFO] [stderr]    Compiling ring v0.14.6
[INFO] [stderr]     Checking rand_chacha v0.2.1
[INFO] [stderr]    Compiling sr-io v1.0.0 (https://github.com/osuketh/substrate.git?branch=patch-zerochain#12f25052)
[INFO] [stderr]     Checking hex-literal v0.1.4
[INFO] [stderr]     Checking tokio-io v0.1.12
[INFO] [stderr]     Checking rand v0.7.2
[INFO] [stderr]     Checking environmental v1.0.2
[INFO] [stderr]     Checking trie-db v0.12.4
[INFO] [stderr]     Checking integer-sqrt v0.1.2
[INFO] [stderr]     Checking tokio-executor v0.1.8
[INFO] [stderr]     Checking generic-array v0.9.0
[INFO] [stderr]     Checking scopeguard v1.0.0
[INFO] [stderr]     Checking tokio-codec v0.1.1
[INFO] [stderr]     Checking digest v0.7.6
[INFO] [stderr]     Checking tokio-timer v0.2.11
[INFO] [stderr]     Checking unicode-normalization v0.1.8
[INFO] [stderr]     Checking percent-encoding v1.0.1
[INFO] [stderr]     Checking wasmi-validation v0.1.0
[INFO] [stderr]    Compiling bitflags v1.2.0
[INFO] [stderr]     Checking net2 v0.2.33
[INFO] [stderr]    Compiling parking_lot_core v0.6.2
[INFO] [stderr]    Compiling parking_lot v0.9.0
[INFO] [stderr]     Checking mio v0.6.19
[INFO] [stderr]     Checking lock_api v0.3.1
[INFO] [stderr]     Checking twox-hash v1.5.0
[INFO] [stderr]     Checking merlin v1.2.1
[INFO] [stderr]     Checking wasmi v0.4.5
[INFO] [stderr]    Compiling curve25519-dalek v1.2.3
[INFO] [stderr]     Checking regex v1.3.1
[INFO] [stderr]    Compiling memoffset v0.5.1
[INFO] [stderr]     Checking crypto-mac v0.5.2
[INFO] [stderr]    Compiling ryu v1.0.0
[INFO] [stderr]     Checking blake2 v0.7.1
[INFO] [stderr]     Checking unsigned-varint v0.2.2
[INFO] [stderr]     Checking tokio-sync v0.1.6
[INFO] [stderr]     Checking crossbeam-queue v0.1.2
[INFO] [stderr]     Checking sha-1 v0.8.1
[INFO] [stderr]     Checking zerochain-pairing v0.14.2 (/opt/rustwide/workdir/core/pairing)
[INFO] [stderr]     Checking blake2 v0.8.1
[INFO] [stdout] warning: anonymous parameters are deprecated and will be removed in the next edition
[INFO] [stdout]    --> core/pairing/src/lib.rs:114:29
[INFO] [stdout]     |
[INFO] [stdout] 114 |     fn final_exponentiation(&Self::Fqk) -> Option<Self::Fqk>;
[INFO] [stdout]     |                             ^^^^^^^^^^ help: try naming the parameter or explicitly ignoring it: `_: &Self::Fqk`
[INFO] [stdout]     |
[INFO] [stdout]     = warning: this is accepted in the current edition (Rust 2015) but is a hard error in Rust 2018!
[INFO] [stdout]     = note: for more information, see issue #41686 <https://github.com/rust-lang/rust/issues/41686>
[INFO] [stdout]     = note: `#[warn(anonymous_parameters)]` on by default
[INFO] [stdout] 
[INFO] [stdout] 
[INFO] [stdout] warning: anonymous parameters are deprecated and will be removed in the next edition
[INFO] [stdout]    --> core/pairing/src/lib.rs:540:18
[INFO] [stdout]     |
[INFO] [stdout] 540 |     fn from_repr(Self::Repr) -> Result<Self, PrimeFieldDecodingError>;
[INFO] [stdout]     |                  ^^^^^^^^^^ help: try naming the parameter or explicitly ignoring it: `_: Self::Repr`
[INFO] [stdout]     |
[INFO] [stdout]     = warning: this is accepted in the current edition (Rust 2015) but is a hard error in Rust 2018!
[INFO] [stdout]     = note: for more information, see issue #41686 <https://github.com/rust-lang/rust/issues/41686>
[INFO] [stdout] 
[INFO] [stdout] 
[INFO] [stderr]    Compiling protobuf v2.8.1
[INFO] [stderr]     Checking data-encoding v2.1.2
[INFO] [stderr]     Checking bs58 v0.2.5
[INFO] [stdout] warning: use of deprecated method `std::error::Error::description`: use the Display impl or to_string()
[INFO] [stdout]   --> core/pairing/src/io.rs:66:34
[INFO] [stdout]    |
[INFO] [stdout] 66 |             write!(f, "{}", self.description())
[INFO] [stdout]    |                                  ^^^^^^^^^^^
[INFO] [stdout]    |
[INFO] [stdout]    = note: `#[warn(deprecated)]` on by default
[INFO] [stdout] 
[INFO] [stdout] 
[INFO] [stderr]     Checking crossbeam-epoch v0.7.2
[INFO] [stderr]     Checking tokio-reactor v0.1.10
[INFO] [stderr]     Checking multistream-select v0.4.0
[INFO] [stderr]     Checking parity-multihash v0.1.3
[INFO] [stderr]     Checking wasm-timer v0.1.2
[INFO] [stderr]     Checking rw-stream-sink v0.1.2
[INFO] [stderr]     Checking blake2-rfc v0.2.18 (https://github.com/gtank/blake2-rfc?rev=7a5b5fc99ae483a0043db7547fb79a6fa44b88a9#7a5b5fc9)
[INFO] [stderr]     Checking crossbeam-deque v0.7.1
[INFO] [stderr]     Checking zeroize v0.5.2
[INFO] [stderr]    Compiling safe-mix v1.0.0
[INFO] [stderr]     Checking bitmask v0.5.0
[INFO] [stderr]    Compiling pkg-config v0.3.16
[INFO] [stderr]     Checking tokio-tcp v0.1.3
[INFO] [stderr]     Checking mio-uds v0.6.7
[INFO] [stdout] warning: 3 warnings emitted
[INFO] [stdout] 
[INFO] [stdout] 
[INFO] [stderr]    Compiling unicode-segmentation v1.3.0
[INFO] [stderr]     Checking idna v0.1.5
[INFO] [stderr]     Checking tokio-udp v0.1.5
[INFO] [stderr]     Checking jubjub v0.1.0 (/opt/rustwide/workdir/core/jubjub)
[INFO] [stderr]     Checking tokio-threadpool v0.1.16
[INFO] [stderr]     Checking tokio-current-thread v0.1.6
[INFO] [stderr]     Checking block-cipher-trait v0.6.2
[INFO] [stderr]     Checking tokio-uds v0.2.5
[INFO] [stderr]     Checking time v0.1.42
[INFO] [stderr]    Compiling openssl v0.10.24
[INFO] [stderr]    Compiling wasm-bindgen-shared v0.2.51
[INFO] [stderr]     Checking strum v0.14.0
[INFO] [stderr]     Checking futures-cpupool v0.1.8
[INFO] [stderr]    Compiling num-integer v0.1.41
[INFO] [stderr]     Checking sha1 v0.6.0
[INFO] [stderr]    Compiling bumpalo v2.6.0
[INFO] [stderr]    Compiling heck v0.3.1
[INFO] [stderr]     Checking tokio-fs v0.1.6
[INFO] [stderr]    Compiling openssl-sys v0.9.49
[INFO] [stderr]    Compiling unicase v1.4.2
[INFO] [stderr]    Compiling native-tls v0.2.3
[INFO] [stderr]     Checking aes-soft v0.3.3
[INFO] [stderr]     Checking tokio v0.1.22
[INFO] [stderr]     Checking stream-cipher v0.3.2
[INFO] [stderr]    Compiling parking_lot_core v0.3.1
[INFO] [stderr]     Checking log v0.3.9
[INFO] [stderr]    Compiling wasm-bindgen v0.2.51
[INFO] [stderr]     Checking ctr v0.3.2
[INFO] [stderr]     Checking traitobject v0.1.0
[INFO] [stderr]     Checking mime v0.2.6
[INFO] [stderr]     Checking typeable v0.1.2
[INFO] [stderr]     Checking language-tags v0.2.2
[INFO] [stderr]    Compiling wasm-bindgen-backend v0.2.51
[INFO] [stderr]     Checking url v1.7.2
[INFO] [stderr]     Checking aes-ctr v0.3.0
[INFO] [stderr]    Compiling error-chain v0.12.1
[INFO] [stderr]     Checking base64 v0.10.1
[INFO] [stderr]    Compiling crunchy v0.1.6
[INFO] [stderr]     Checking rand v0.3.23
[INFO] [stderr]    Compiling snow v0.5.2
[INFO] [stderr]     Checking lazycell v1.2.1
[INFO] [stderr]     Checking c_linked_list v1.1.1
[INFO] [stderr]     Checking static_slice v0.0.3
[INFO] [stderr]     Checking quick-error v0.1.4
[INFO] [stderr]     Checking nohash-hasher v0.1.2
[INFO] [stderr]    Compiling slog v2.5.2
[INFO] [stderr]     Checking get_if_addrs v0.5.3
[INFO] [stderr]     Checking cuckoofilter v0.3.2
[INFO] [stderr]    Compiling synstructure v0.10.2
[INFO] [stderr]     Checking parking_lot v0.6.4
[INFO] [stderr]     Checking mio-extras v2.0.5
[INFO] [stderr]     Checking tokio-dns-unofficial v0.4.0
[INFO] [stderr]     Checking tk-listen v0.2.1
[INFO] [stderr]     Checking x25519-dalek v0.5.2
[INFO] [stderr] The following warnings were emitted during compilation:
[INFO] [stderr] 
[INFO] [stderr] warning: build/expando.c:4:24: error: pasting "RUST_VERSION_OPENSSL_" and "(" does not give a valid preprocessing token
[INFO] [stderr] warning:     4 | #define VERSION2(n, v) RUST_VERSION_##n##_##v
[INFO] [stderr] warning:       |                        ^~~~~~~~~~~~~
[INFO] [stderr] warning: build/expando.c:5:23: note: in expansion of macro 'VERSION2'
[INFO] [stderr] warning:     5 | #define VERSION(n, v) VERSION2(n, v)
[INFO] [stderr] warning:       |                       ^~~~~~~~
[INFO] [stderr] warning: build/expando.c:10:1: note: in expansion of macro 'VERSION'
[INFO] [stderr] warning:    10 | VERSION(OPENSSL, OPENSSL_VERSION_NUMBER)
[INFO] [stderr] warning:       | ^~~~~~~
[INFO] [stderr] 
[INFO] [stderr] error: failed to run custom build command for `openssl-sys v0.9.49`
[INFO] [stderr] note: To improve backtraces for build dependencies, set the CARGO_PROFILE_DEV_BUILD_OVERRIDE_DEBUG=true environment variable to enable debug information generation.
[INFO] [stderr] 
[INFO] [stderr] Caused by:
[INFO] [stderr]   process didn't exit successfully: `/opt/rustwide/target/debug/build/openssl-sys-1d3eb7c5493fb900/build-script-main` (exit status: 101)
[INFO] [stderr]   --- stdout
[INFO] [stderr]   cargo:rustc-cfg=const_fn
[INFO] [stderr]   cargo:rerun-if-env-changed=X86_64_UNKNOWN_LINUX_GNU_OPENSSL_LIB_DIR
[INFO] [stderr]   X86_64_UNKNOWN_LINUX_GNU_OPENSSL_LIB_DIR unset
[INFO] [stderr]   cargo:rerun-if-env-changed=OPENSSL_LIB_DIR
[INFO] [stderr]   OPENSSL_LIB_DIR unset
[INFO] [stderr]   cargo:rerun-if-env-changed=X86_64_UNKNOWN_LINUX_GNU_OPENSSL_INCLUDE_DIR
[INFO] [stderr]   X86_64_UNKNOWN_LINUX_GNU_OPENSSL_INCLUDE_DIR unset
[INFO] [stderr]   cargo:rerun-if-env-changed=OPENSSL_INCLUDE_DIR
[INFO] [stderr]   OPENSSL_INCLUDE_DIR unset
[INFO] [stderr]   cargo:rerun-if-env-changed=X86_64_UNKNOWN_LINUX_GNU_OPENSSL_DIR
[INFO] [stderr]   X86_64_UNKNOWN_LINUX_GNU_OPENSSL_DIR unset
[INFO] [stderr]   cargo:rerun-if-env-changed=OPENSSL_DIR
[INFO] [stderr]   OPENSSL_DIR unset
[INFO] [stderr]   cargo:rustc-link-lib=ssl
[INFO] [stderr]   cargo:rustc-link-lib=crypto
[INFO] [stderr]   OPT_LEVEL = Some("0")
[INFO] [stderr]   TARGET = Some("x86_64-unknown-linux-gnu")
[INFO] [stderr]   HOST = Some("x86_64-unknown-linux-gnu")
[INFO] [stderr]   CC_x86_64-unknown-linux-gnu = None
[INFO] [stderr]   CC_x86_64_unknown_linux_gnu = None
[INFO] [stderr]   HOST_CC = None
[INFO] [stderr]   CC = None
[INFO] [stderr]   CFLAGS_x86_64-unknown-linux-gnu = None
[INFO] [stderr]   CFLAGS_x86_64_unknown_linux_gnu = None
[INFO] [stderr]   HOST_CFLAGS = None
[INFO] [stderr]   CFLAGS = None
[INFO] [stderr]   CRATE_CC_NO_DEFAULTS = None
[INFO] [stderr]   DEBUG = Some("true")
[INFO] [stderr]   CARGO_CFG_TARGET_FEATURE = Some("fxsr,sse,sse2")
[INFO] [stderr]   running: "cc" "-O0" "-ffunction-sections" "-fdata-sections" "-fPIC" "-g" "-fno-omit-frame-pointer" "-m64" "-I" "/usr/include" "-Wall" "-Wextra" "-E" "build/expando.c"
[INFO] [stderr]   cargo:warning=build/expando.c:4:24: error: pasting "RUST_VERSION_OPENSSL_" and "(" does not give a valid preprocessing token
[INFO] [stderr]   cargo:warning=    4 | #define VERSION2(n, v) RUST_VERSION_##n##_##v
[INFO] [stderr]   cargo:warning=      |                        ^~~~~~~~~~~~~
[INFO] [stderr]   cargo:warning=build/expando.c:5:23: note: in expansion of macro 'VERSION2'
[INFO] [stderr]   cargo:warning=    5 | #define VERSION(n, v) VERSION2(n, v)
[INFO] [stderr]   cargo:warning=      |                       ^~~~~~~~
[INFO] [stderr]   cargo:warning=build/expando.c:10:1: note: in expansion of macro 'VERSION'
[INFO] [stderr]   cargo:warning=   10 | VERSION(OPENSSL, OPENSSL_VERSION_NUMBER)
[INFO] [stderr]   cargo:warning=      | ^~~~~~~
[INFO] [stderr]   exit status: 1
[INFO] [stderr] 
[INFO] [stderr]   --- stderr
[INFO] [stderr]   thread 'main' panicked at '
[INFO] [stderr]   Header expansion error:
[INFO] [stderr]   Error { kind: ToolExecError, message: "Command \"cc\" \"-O0\" \"-ffunction-sections\" \"-fdata-sections\" \"-fPIC\" \"-g\" \"-fno-omit-frame-pointer\" \"-m64\" \"-I\" \"/usr/include\" \"-Wall\" \"-Wextra\" \"-E\" \"build/expando.c\" with args \"cc\" did not execute successfully (status code exit status: 1)." }
[INFO] [stderr] 
[INFO] [stderr]   Failed to find OpenSSL development headers.
[INFO] [stderr] 
[INFO] [stderr]   You can try fixing this setting the `OPENSSL_DIR` environment variable
[INFO] [stderr]   pointing to your OpenSSL installation or installing OpenSSL headers package
[INFO] [stderr]   specific to your distribution:
[INFO] [stderr] 
[INFO] [stderr]       # On Ubuntu
[INFO] [stderr]       sudo apt-get install libssl-dev
[INFO] [stderr]       # On Arch Linux
[INFO] [stderr]       sudo pacman -S openssl
[INFO] [stderr]       # On Fedora
[INFO] [stderr]       sudo dnf install openssl-devel
[INFO] [stderr] 
[INFO] [stderr]   See rust-openssl README for more information:
[INFO] [stderr] 
[INFO] [stderr]       https://github.com/sfackler/rust-openssl#linux
[INFO] [stderr]   ', /opt/rustwide/cargo-home/registry/src/index.crates.io-6f17d22bba15001f/openssl-sys-0.9.49/build/main.rs:126:13
[INFO] [stderr]   stack backtrace:
[INFO] [stderr]      0:     0x558108c678b1 - std::backtrace_rs::backtrace::libunwind::trace::h036e87df56fc4b9d
[INFO] [stderr]                                  at /rustc/9610dfe5a9a731ced1ea4923ecbd0c57fe367898/library/std/src/../../backtrace/src/backtrace/libunwind.rs:93:5
[INFO] [stderr]      1:     0x558108c678b1 - std::backtrace_rs::backtrace::trace_unsynchronized::hd61eb2dbd6ae476a
[INFO] [stderr]                                  at /rustc/9610dfe5a9a731ced1ea4923ecbd0c57fe367898/library/std/src/../../backtrace/src/backtrace/mod.rs:66:5
[INFO] [stderr]      2:     0x558108c678b1 - std::sys_common::backtrace::_print_fmt::h00c50d0875db23c9
[INFO] [stderr]                                  at /rustc/9610dfe5a9a731ced1ea4923ecbd0c57fe367898/library/std/src/sys_common/backtrace.rs:65:5
[INFO] [stderr]      3:     0x558108c678b1 - <std::sys_common::backtrace::_print::DisplayBacktrace as core::fmt::Display>::fmt::h63195ab2dde77ccc
[INFO] [stderr]                                  at /rustc/9610dfe5a9a731ced1ea4923ecbd0c57fe367898/library/std/src/sys_common/backtrace.rs:44:22
[INFO] [stderr]      4:     0x558108c897cf - core::fmt::rt::Argument::fmt::h83f4110348c688f4
[INFO] [stderr]                                  at /rustc/9610dfe5a9a731ced1ea4923ecbd0c57fe367898/library/core/src/fmt/rt.rs:138:9
[INFO] [stderr]      5:     0x558108c897cf - core::fmt::write::h509367dd365f983a
[INFO] [stderr]                                  at /rustc/9610dfe5a9a731ced1ea4923ecbd0c57fe367898/library/core/src/fmt/mod.rs:1094:21
[INFO] [stderr]      6:     0x558108c64f91 - std::io::Write::write_fmt::h8e60bfebdaabfee5
[INFO] [stderr]                                  at /rustc/9610dfe5a9a731ced1ea4923ecbd0c57fe367898/library/std/src/io/mod.rs:1713:15
[INFO] [stderr]      7:     0x558108c676c5 - std::sys_common::backtrace::_print::h96e550016098cde6
[INFO] [stderr]                                  at /rustc/9610dfe5a9a731ced1ea4923ecbd0c57fe367898/library/std/src/sys_common/backtrace.rs:47:5
[INFO] [stderr]      8:     0x558108c676c5 - std::sys_common::backtrace::print::h7a049611b153a02e
[INFO] [stderr]                                  at /rustc/9610dfe5a9a731ced1ea4923ecbd0c57fe367898/library/std/src/sys_common/backtrace.rs:34:9
[INFO] [stderr]      9:     0x558108c68d97 - std::panicking::default_hook::{{closure}}::h1b023d46676794c4
[INFO] [stderr]     10:     0x558108c68b84 - std::panicking::default_hook::hea2961dabcf68e83
[INFO] [stderr]                                  at /rustc/9610dfe5a9a731ced1ea4923ecbd0c57fe367898/library/std/src/panicking.rs:288:9
[INFO] [stderr]     11:     0x558108c6924c - std::panicking::rust_panic_with_hook::h4285c91a8168b001
[INFO] [stderr]                                  at /rustc/9610dfe5a9a731ced1ea4923ecbd0c57fe367898/library/std/src/panicking.rs:705:13
[INFO] [stderr]     12:     0x558108c69147 - std::panicking::begin_panic_handler::{{closure}}::h6ebd0d46f0c6b010
[INFO] [stderr]                                  at /rustc/9610dfe5a9a731ced1ea4923ecbd0c57fe367898/library/std/src/panicking.rs:597:13
[INFO] [stderr]     13:     0x558108c67ce6 - std::sys_common::backtrace::__rust_end_short_backtrace::h92042d128576b63a
[INFO] [stderr]                                  at /rustc/9610dfe5a9a731ced1ea4923ecbd0c57fe367898/library/std/src/sys_common/backtrace.rs:151:18
[INFO] [stderr]     14:     0x558108c68e92 - rust_begin_unwind
[INFO] [stderr]                                  at /rustc/9610dfe5a9a731ced1ea4923ecbd0c57fe367898/library/std/src/panicking.rs:593:5
[INFO] [stderr]     15:     0x558108bda693 - core::panicking::panic_fmt::h65404fc8061ee73a
[INFO] [stderr]                                  at /rustc/9610dfe5a9a731ced1ea4923ecbd0c57fe367898/library/core/src/panicking.rs:67:14
[INFO] [stderr]     16:     0x558108bded3a - build_script_main::validate_headers::h1b4c0f48c0fe1858
[INFO] [stderr]     17:     0x558108be5e5d - build_script_main::find::try_pkg_config::h32ef0936dbe83a97
[INFO] [stderr]     18:     0x558108be4cea - build_script_main::find::find_openssl_dir::hc5c7c151159a319d
[INFO] [stderr]     19:     0x558108be4b32 - build_script_main::find::get_openssl::{{closure}}::h1706759cc1ffbc48
[INFO] [stderr]     20:     0x558108be0229 - core::option::Option<T>::unwrap_or_else::h055ad08b57b4b1ed
[INFO] [stderr]     21:     0x558108be4921 - build_script_main::find::get_openssl::h5ba295244fc6a51a
[INFO] [stderr]     22:     0x558108bdc805 - build_script_main::main::he77287c5d835e596
[INFO] [stderr]     23:     0x558108be6d23 - core::ops::function::FnOnce::call_once::h73bb79ebb82afa55
[INFO] [stderr]     24:     0x558108be7686 - std::sys_common::backtrace::__rust_begin_short_backtrace::he094c847446ff560
[INFO] [stderr]     25:     0x558108be4039 - std::rt::lang_start::{{closure}}::hb504b4237aff6458
[INFO] [stderr]     26:     0x558108c61325 - core::ops::function::impls::<impl core::ops::function::FnOnce<A> for &F>::call_once::h49ef85a8a8d45198
[INFO] [stderr]                                  at /rustc/9610dfe5a9a731ced1ea4923ecbd0c57fe367898/library/core/src/ops/function.rs:284:13
[INFO] [stderr]     27:     0x558108c61325 - std::panicking::try::do_call::ha1def14af693a135
[INFO] [stderr]                                  at /rustc/9610dfe5a9a731ced1ea4923ecbd0c57fe367898/library/std/src/panicking.rs:500:40
[INFO] [stderr]     28:     0x558108c61325 - std::panicking::try::haa3dc2a1139932e2
[INFO] [stderr]                                  at /rustc/9610dfe5a9a731ced1ea4923ecbd0c57fe367898/library/std/src/panicking.rs:464:19
[INFO] [stderr]     29:     0x558108c61325 - std::panic::catch_unwind::h9d9cbebaf9f15c67
[INFO] [stderr]                                  at /rustc/9610dfe5a9a731ced1ea4923ecbd0c57fe367898/library/std/src/panic.rs:142:14
[INFO] [stderr]     30:     0x558108c61325 - std::rt::lang_start_internal::{{closure}}::hf660a772669a69cc
[INFO] [stderr]                                  at /rustc/9610dfe5a9a731ced1ea4923ecbd0c57fe367898/library/std/src/rt.rs:148:48
[INFO] [stderr]     31:     0x558108c61325 - std::panicking::try::do_call::hb1c34715bb9b1c46
[INFO] [stderr]                                  at /rustc/9610dfe5a9a731ced1ea4923ecbd0c57fe367898/library/std/src/panicking.rs:500:40
[INFO] [stderr]     32:     0x558108c61325 - std::panicking::try::h499866fd990da8f1
[INFO] [stderr]                                  at /rustc/9610dfe5a9a731ced1ea4923ecbd0c57fe367898/library/std/src/panicking.rs:464:19
[INFO] [stderr]     33:     0x558108c61325 - std::panic::catch_unwind::hac1ffec55b72e7bc
[INFO] [stderr]                                  at /rustc/9610dfe5a9a731ced1ea4923ecbd0c57fe367898/library/std/src/panic.rs:142:14
[INFO] [stderr]     34:     0x558108c61325 - std::rt::lang_start_internal::h0fecf91cd579e7b6
[INFO] [stderr]                                  at /rustc/9610dfe5a9a731ced1ea4923ecbd0c57fe367898/library/std/src/rt.rs:148:20
[INFO] [stderr]     35:     0x558108be4017 - std::rt::lang_start::h334f7424fe3f36c9
[INFO] [stderr]     36:     0x558108bdfa65 - main
[INFO] [stderr]     37:     0x7f8103eebd90 - <unknown>
[INFO] [stderr]     38:     0x7f8103eebe40 - __libc_start_main
[INFO] [stderr]     39:     0x558108bdae25 - _start
[INFO] [stderr]     40:                0x0 - <unknown>
[INFO] [stderr] warning: build failed, waiting for other jobs to finish...
[INFO] running `Command { std: "docker" "inspect" "dc7d0b9b1630ea57fa4fe47cbd5f563759cdbed46f084fb01a076445641b869b", kill_on_drop: false }`
[INFO] running `Command { std: "docker" "rm" "-f" "dc7d0b9b1630ea57fa4fe47cbd5f563759cdbed46f084fb01a076445641b869b", kill_on_drop: false }`
[INFO] [stdout] dc7d0b9b1630ea57fa4fe47cbd5f563759cdbed46f084fb01a076445641b869b
